s the hundreds digit of 3103?
1
What is the thousands digit of 1437?
1
What is the hundreds digit of 2757?
7
What is the units digit of 5971?
1
What is the units digit of 61?
1
What is the units digit of 7319?
9
What is the hundreds digit of 9721?
7
What is the hundreds digit of 1036?
0
What is the thousands digit of 2843?
2
What is the hundreds digit of 19606?
6
What is the tens digit of 66772?
7
What is the tens digit of 2982?
8
What is the thousands digit of 3148?
3
What is the units digit of 2463?
3
What is the tens digit of 3382?
8
What is the ten thousands digit of 32935?
3
What is the units digit of 4338?
8
What is the hundreds digit of 11302?
3
What is the units digit of 4172?
2
What is the units digit of 57?
7
What is the units digit of 630?
0
What is the tens digit of 406?
0
What is the tens digit of 10445?
4
What is the units digit of 3177?
7
What is the ten thousands digit of 43346?
4
What is the units digit of 2029?
9
What is the tens digit of 1980?
8
What is the thousands digit of 82946?
2
What is the thousands digit of 2429?
2
What is the units digit of 69880?
0
What is the hundreds digit of 941?
9
What is the tens digit of 5778?
7
What is the tens digit of 16779?
7
What is the units digit of 23700?
0
What is the units digit of 926?
6
What is the tens digit of 18139?
3
What is the tens digit of 881?
8
What is the units digit of 21690?
0
What is the hundreds digit of 1512?
5
What is the hundred thousands digit of 114072?
1
What is the thousands digit of 9291?
9
What is the units digit of 3308?
8
What is the hundreds digit of 1674?
6
What is the tens digit of 92?
9
What is the units digit of 849?
9
What is the units digit of 236?
6
What is the tens digit of 35338?
3
What is the tens digit of 2875?
7
What is the tens digit of 17371?
7
What is the units digit of 29239?
9
What is the thousands digit of 2980?
2
What is the units digit of 1278?
8
What is the units digit of 2363?
3
What is the hundreds digit of 3278?
2
What is the thousands digit of 1323?
1
What is the thousands digit of 14280?
4
What is the tens digit of 914?
1
What is the units digit of 775?
5
What is the thousands digit of 6293?
6
What is the thousands digit of 1421?
1
What is the thousands digit of 1324?
1
What is the thousands digit of 64054?
4
What is the tens digit of 42846?
4
What is the tens digit of 13316?
1
What is the units digit of 559?
9
What is the tens digit of 45939?
3
What is the tens digit of 755?
5
What is the units digit of 5435?
5
What is the units digit of 27329?
9
What is the ten thousands digit of 24803?
2
What is the tens digit of 180?
8
What is the thousands digit of 36206?
6
What is the units digit of 121791?
1
What is the hundreds digit of 628?
6
What is the units digit of 24536?
6
What is the thousands digit of 56915?
6
What is the hundreds digit of 26911?
9
What is the ten thousands digit of 118190?
1
What is the hundreds digit of 2294?
2
What is the thousands digit of 3143?
3
What is the thousands digit of 5507?
5
What is the units digit of 16302?
2
What is the hundreds digit of 3774?
7
What is the units digit of 9442?
2
What is the units digit of 1777?
7
What is the hundreds digit of 71712?
7
What is the tens digit of 3112?
1
What is the tens digit of 5449?
4
What is the thousands digit of 5412?
5
What is the thousands digit of 18555?
8
What is the tens digit of 2753?
5
What is the units digit of 3255?
5
What is the tens digit of 20889?
8
What is the tens digit of 195?
9
What is the hundreds digit of 62278?
2
What is the ten thousands digit of 43341?
4
What is the thousands digit of 74411?
4
What is the units digit of 2934?
4
What is the tens digit of 20513?
1
What is the tens digit of 1292?
9
What is the thousands digit of 5364?
5
What is the tens digit of 1435?
3
What is the units digit of 19866?
6
What is the ten thousands digit of 11918?
1
What is the units digit of 45860?
0
What is the tens digit of 7545?
4
What is the units digit of 3036?
6
What is the thousands digit of 21703?
1
What is the thousands digit of 1020?
1
What is the units digit of 17391?
1
What is the tens digit of 19027?
2
What is the thousands digit of 48334?
8
What is the hundreds digit of 12632?
6
What is the hundreds digit of 49438?
4
What is the hundreds digit of 3573?
5
What is the thousands digit of 9083?
9
What is the hundreds digit of 39580?
5
What is the units digit of 94?
4
What is the units digit of 28603?
3
What is the thousands digit of 41164?
1
What is the hundreds digit of 1988?
9
What is the thousands digit of 3851?
3
What is the hundreds digit of 10278?
2
What is the hundreds digit of 2190?
1
What is the tens digit of 64771?
7
What is the hundreds digit of 120359?
3
What is the thousands digit of 58002?
8
What is the units digit of 864?
4
What is the hundreds digit of 25463?
4
What is the units digit of 160112?
2
What is the tens digit of 475?
7
What is the hundreds digit of 190?
1
What is the units digit of 209?
9
What is the thousands digit of 13516?
3
What is the thousands digit of 3331?
3
What is the units digit of 956?
6
What is the thousands digit of 5051?
5
What is the tens digit of 4439?
3
What is the hundreds digit of 46954?
9
What is the thousands digit of 2449?
2
What is the hundreds digit of 721?
7
What is the thousands digit of 187162?
7
What is the tens digit of 915?
1
What is the units digit of 572?
2
What is the units digit of 19542?
2
What is the thousands digit of 5747?
5
What is the thousands digit of 99188?
9
What is the units digit of 10282?
2
What is the thousands digit of 16465?
6
What is the units digit of 65920?
0
What is the tens digit of 158730?
3
What is the units digit of 13283?
3
What is the tens digit of 5528?
2
What is the hundreds digit of 25683?
6
What is the units digit of 88893?
3
What is the tens digit of 1724?
2
What is the tens digit of 3501?
0
What is the tens digit of 614?
1
What is the tens digit of 6152?
5
What is the tens digit of 12?
1
What is the units digit of 1485?
5
What is the units digit of 7878?
8
What is the hundreds digit of 27018?
0
What is the units digit of 124602?
2
What is the units digit of 646?
6
What is the hundreds digit of 485?
4
What is the units digit of 292?
2
What is the thousands digit of 1757?
1
What is the thousands digit of 1684?
1
What is the tens digit of 135?
3
What is the ten thousands digit of 109294?
0
What is the tens digit of 11508?
0
What is the thousands digit of 61398?
1
What is the thousands digit of 14636?
4
What is the hundreds digit of 2224?
2
What is the hundreds digit of 11790?
7
What is the thousands digit of 9106?
9
What is the units digit of 75124?
4
What is the hundreds digit of 1263?
2
What is the thousands digit of 3107?
3
What is the tens digit of 4816?
1
What is the thousands digit of 3917?
3
What is the hundreds digit of 5417?
4
What is the units digit of 356?
6
What is the tens digit of 19181?
8
What is the hundreds digit of 4867?
8
What is the hundreds digit of 799?
7
What is the hundreds digit of 519?
5
What is the hundreds digit of 750?
7
What is the tens digit of 27128?
2
What is the tens digit of 3575?
7
What is the tens digit of 42?
4
What is the thousands digit of 1799?
1
What is the hundreds digit of 12472?
4
What is the units digit of 9420?
0
What is the hundreds digit of 946?
9
What is the hundreds digit of 33353?
3
What is the hundreds digit of 3079?
0
What is the units digit of 1775?
5
What is the units digit of 151?
1
What is the units digit of 145371?
1
What is the units digit of 13212?
2
What is the thousands digit of 22598?
2
What is the hundreds digit of 386?
3
What is the thousands digit of 26187?
6
What is the tens digit of 2522?
2
What is the ten thousands digit of 10643?
1
What is the units digit of 36151?
1
What is the hundreds digit of 1464?
4
What is the tens digit of 569?
6
What is the hundreds digit of 162928?
9
What is the tens digit of 9743?
4
What is the hundreds digit of 1977?
9
What is the tens digit of 68547?
4
What is the thousands digit of 27563?
7
What is the thousands digit of 12316?
2
What is the units digit of 24890?
0
What is the hundreds digit of 3632?
6
What is the ten thousands digit of 40665?
4
What is the tens digit of 1024?
2
What is the units digit of 102?
2
What is the hundreds digit of 834?
8
What is